737. Give w(156).
1
Let s(h) = -147*h**2 + 13. Calculate s(0).
13
Let t(h) = h**3 - 22*h**2 - 38*h - 145. Determine t(24).
95
Let c(s) = 442*s + 22990. What is c(-52)?
6
Let u(m) = -m + 38. What is u(28)?
10
Let r(g) = 92*g - 1370. Determine r(15).
10
Let y(n) = -108*n + 94. Calculate y(-2).
310
Let y(r) = -r**3 + 18*r**2 + 82*r - 7. Calculate y(-4).
17
Let g(i) = -6*i**3 - 4*i**2 + 10*i + 27. Determine g(-2).
39
Let q(k) = -k**3 - 49*k**2 - 41*k + 4. Calculate q(-48).
-332
Let v(h) = 10*h**2 + 55*h + 1. Give v(-5).
-24
Let b(r) = -r**3 + 2*r**2 + 31*r - 35. What is b(6)?
7
Let k(w) = 27*w + 23. Calculate k(13).
374
Let f(o) = -2*o**2 + 48*o - 60. Calculate f(25).
-110
Let j(w) = -w**3 + 2*w**2 + 7*w + 9. What is j(6)?
-93
Let g(z) = -529*z - 128. What is g(0)?
-128
Let k(p) = p**3 - 3*p**2 - 2*p + 10. Give k(3).
4
Let u(x) = -x**2 + 18*x + 84. Determine u(28).
-196
Let u(o) = 8*o - 23. What is u(10)?
57
Let y(v) = v**3 + 50*v**2 + 50*v - 115. What is y(-49)?
-164
Let b(r) = -5*r**2 + 251*r + 41. Give b(50).
91
Let j(t) = 995*t - 3974. Determine j(4).
6
Let t(l) = l**3 - 11*l**2 + 36*l + 3. Calculate t(9).
165
Let f(y) = -y**3 + 25*y**2 - 340*y + 7640. Give f(24).
56
Let z(m) = -113*m - 2130. What is z(-19)?
17
Let m(q) = -q**3 + 19*q**2 + 19*q - 54. Give m(19).
307
Let h(l) = 84617*l + 507700. Calculate h(-6).
-2
Let s(r) = -r**3 + 21*r**2 + 15*r + 127. Give s(22).
-27
Let p(u) = -4*u**2 + 21*u + 32. Give p(6).
14
Let g(w) = w**3 + 6*w**2 + 3*w + 31. Determine g(-5).
41
Let h(f) = -f**2 - 1178*f + 11873. What is h(10)?
-7
Let t(k) = 7*k**3 - 4*k**2 - 6*k + 21. What is t(3)?
156
Let q(s) = -s**2 + 23*s - 28. Determine q(13).
102
Let q(w) = -33*w**2 - 5380*w - 191. Give q(-163).
-28
Let w(o) = o**2 - 70*o + 741. Determine w(57).
0
Let v(b) = -b**2 + 64*b + 18. Calculate v(64).
18
Let n(g) = -5*g**2 + 16*g + 143. Determine n(-7).
-214
Let x(l) = -108*l + 320. Give x(3).
-4
Let o(r) = 70*r + 1893. Give o(-27).
3
Let k(b) = -431*b - 33615. What is k(-78)?
3
Let l(o) = -5*o**3 + 12*o**2 - 2*o - 11. Calculate l(5).
-346
Let b(h) = 2*h**3 + 16*h**2 - 64*h - 435. Determine b(-9).
-21
Let k(r) = 4*r**2 - 1403*r + 5541. Determine k(4).
-7
Let l(y) = -y**2 + 186*y - 5163. Determine l(34).
5
Let d(x) = -5*x**3 - 7*x**2 - 32*x - 7. Calculate d(-5).
603
Let b(q) = 24*q**3 + 8*q**2 - 67*q + 58. Calculate b(1).
23
Let u(x) = 833*x - 43316. Calculate u(52).
0
Let p(k) = -194*k - 3678. What is p(-19)?
8
Let k(s) = -s**3 - 14*s**2 - 47*s - 73. What is k(-10)?
-3
Let f(d) = -42*d + 348. Determine f(8).
12
Let x(v) = -6*v**2 + 625*v - 643. What is x(103)?
78
Let q(z) = 19*z**2 + 591*z + 56. Calculate q(-31).
-6
Let f(x) = -16*x**2 - 6*x - 18. Calculate f(-5).
-388
Let h(u) = u**3 + 8*u**2 + 15*u - 6. Determine h(-4).
-2
Let p(a) = 1728*a - 53550. Give p(31).
18
Let w(r) = -69*r + 3363. Give w(50).
-87
Let f(d) = 4*d**2 - 2677*d - 8043. Calculate f(-3).
24
Let i(t) = 15*t**2 + 18*t - 18. What is i(1)?
15
Let a(g) = 72*g**2 + 2304*g + 5. Determine a(-32).
5
Let n(x) = x**3 + 13*x**2 + 34*x - 18. Determine n(-6).
30
Let j(y) = 70*y + 475. Determine j(-7).
-15
Let b(v) = 46*v - 1473. Give b(32).
-1
Let h(o) = -o**2 - 184*o - 5943. Give h(-42).
21
Let t(c) = -3*c**3 + 5*c**2 - 6*c - 1. What is t(2)?
-17
Let t(g) = -3*g**2 + 104*g + 1034. What is t(-8)?
10
Let d(j) = 3*j**2 - 47*j - 48. Determine d(17).
20
Let w(r) = -r**2 - 260*r + 1268. Give w(5).
-57
Let b(a) = -46*a - 726. Give b(-16).
10
Let i(c) = c**2 - 105*c + 814. What is i(8)?
38
Let m(k) = -9*k**2 - 471*k - 1873. Calculate m(-48).
-1
Let k(u) = 2*u**3 - 119*u**2 + 58*u + 11. Give k(59).
-48
Let n(g) = 7*g**3 + 8*g + 6. What is n(0)?
6
Let s(u) = -86*u + 3006. Calculate s(35).
-4
Let u(y) = 174*y + 909. Calculate u(-5).
39
Let o(d) = -d**2 - 24*d + 28. Calculate o(-27).
-53
Let p(g) = -1813*g - 1828. Determine p(-1).
-15
Let x(q) = -3*q**2 + 9*q - 207. Determine x(9).
-369
Let p(f) = 2*f**2 - 8*f - 103. Determine p(-7).
51
Let c(w) = -w**3 + 17*w - 2. Calculate c(-3).
-26
Let o(l) = l**2 - 5*l + 27. Calculate o(4).
23
Let y(h) = -h**3 - 100*h**2 - 556*h + 48. What is y(-6)?
0
Let q(o) = -5*o**3 + 270*o**2 - 1225*o - 15. Give q(49).
-15
Let p(s) = 103*s - 286. Give p(3).
23
Let i(m) = 2*m**2 + 122*m - 958. Determine i(7).
-6
Let q(l) = -11*l**2 - 101*l - 20. Give q(-9).
-2
Let z(q) = 318*q + 4740. Calculate z(-16).
-348
Let g(v) = -85*v + 7670. What is g(91)?
-65
Let q(d) = d**2 + 47*d + 129. Give q(-4).
-43
Let p(l) = -l**2 - 54*l - 498. Calculate p(-12).
6
Let s(g) = g**3 - 28*g**2 + 151*g - 1915. What is s(25)?
-15
Let v(c) = -17*c + 662. What is v(33)?
101
Let h(l) = -2*l**2 + 16*l + 349. Calculate h(18).
-11
Let n(y) = 207*y - 11801. What is n(57)?
-2
Let h(o) = -5418*o + 48764. Calculate h(9).
2
Let l(t) = -9*t**3 + t**2 + t + 2. What is l(-2)?
76
Let i(p) = -49*p - 847. What is i(-17)?
-14
Let l(i) = 64*i**3 - i**2 + 7*i + 27. Give l(0).
27
Let d(n) = -2*n**3 - 65*n**2 - 202*n + 7. What is d(-29)?
-22
Let r(c) = c**2 - 8*c - 7. What is r(-3)?
26
Let d(j) = -10*j + 113. Give d(9).
23
Let g(u) = -268*u + 15482. Give g(58).
-62
Let o(f) = -79*f + 3088. Determine o(39).
7
Let w(o) = -3*o**2 - 7*o + 335. What is w(-12)?
-13
Let w(a) = -3*a**3 - 8*a**2 + 20*a - 18. What is w(3)?
-111
Let c(v) = 354*v + 205. What is c(-2)?
-503
Let n(i) = 2*i**3 - 536*i**2 - 2170*i - 1636. Determine n(272).
-4
Let k(t) = -2*t**2 - 5*t - 10. What is k(-11)?
-197
Let y(u) = -22*u - 39. What is y(-3)?
27
Let p(n) = -2*n**3 - 12*n**2 + 140*n + 32. Calculate p(6).
8
Let x(j) = -34*j - 30. Give x(8).
-302
Let x(y) = 330*y**2 - y + 2. What is x(1)?
331
Let n(p) = -p**3 + 4*p**2 + 3*p + 6. Calculate n(4).
18
Let v(b) = 12*b - 116. Calculate v(9).
-8
Let q(c) = -51*c - 1485. Give q(-32).
147
Let m(w) = 6*w + 223. What is m(-33)?
25
Let j(u) = -u**3 - 11*u**2 - 8*u + 12. Give j(-10).
-8
Let s(r) = -3*r**2 - 2*r + 129. Determine s(9).
-132
Let m(h) = 396*h + 20592. Determine m(-52).
0
Let n(l) = 326*l + 56. What is n(-1)?
-270
Let q(s) = 5*s**2 - 486*s + 1506. What is q(94)?
2
Let d(z) = -30*z**2 + 186*z + 1160. Give d(10).
20
Let b(g) = 2*g**2 - 67*g - 1048. Give b(-12).
44
Let r(d) = 487*d - 1486. Determine r(3).
-25
Let q(d) = -2*d**2 - 15*d - 7. Determine q(-8).
-15
Let y(m) = m**3 - 8*m**2 - 28*m + 122. Determine y(12).
362
Let y(w) = 16*w**2 + 785*w + 45. Determine y(-49).
-4
Let z(k) = -2*k**3 + 27*k**2 - 20*k + 28. Calculate z(13).
-63
Let l(n) = -n**3 - 14*n**2 - 4*n - 37. Calculate l(-15).
248
Let f(b) = b**3 + 19*b**2 - 95*b - 64. Give f(-23).
5
Let g(m) = -m**2 + 697*m + 6351. Give g(-9).
-3
Let g(a) = a**2 + a - 9. Determine g(4).
11
Let r(w) = w**2 + 55*w + 134. Give r(-50).
-116
Let n(u) = -u**3 + 19*u**2 - 56*u + 3401. Calculate n(23).
-3
Let z(y) = -2*y**2 + 23*y + 682. Determine z(-15).
-113
Let l(g) = -80*g**3 + 14*g**2 + 10*g - 2. Determine l(2).
-566
Let j(i) = -2*i + 81. Calculate j(44).
-7
Let x(l) = -114*l - 2720. Determine x(-24).
16
Let o(t) = -153*t + 9110. Give o(59).
83
Let u(z) = -44*z**2 - 13*z. Calculate u(-1).
-31
Let o(i) = i**3 - 13*i**2 + 9*i + 26. Give o(11).
-117
Let o(j) = 2*j**3 - 97*j**2 + 130*j + 502. What is o(47)?
-15
Let m(u) = 3*u**2 + 172*u - 154. Calculate m(-56).
-378
Let n(c) = c**2 - 24*c + 95. What is n(19)?
0
Let i(o) = 119*o**3 + 953*o**2 + 3*o + 36. What is i(-8)?
76
Let z(u) = -10583*u - 105834. What is z(-10)?
-4
Let s(c) = 137*c + 1657. Give s(-11).
150
Let m(b) = -5*b**3 + 36*b**2 + 14*b + 1. Calculate m(6).
301
Let m(o) = 65*o - 422. Calculate m(6).
-32
Let l(x) = -22*x**2 - 1011*x + 41. Determine l(-46).
-5
Let m(s) = -2*s**3 + 67*s**2 + 32*s + 73. Calculate m(34).
5
Let u(q) = -3*q**3 + 728*q**2 - 487*q + 721. Give u(242).
-5
Let r(p) = -25*p + 4. Determine r(-1).
29
Let d(h) = 26*h**3 - 131*h**2 - 7*h + 2. Calculate d(5).
-58
Let i(w) = w**3 - 68*w**2 - 18*w - 3445. What is i(69)?
74
Let b(a) = a**3 - 35*a**2 + 7*a - 379. Calculate b(35).
-134
Let b(a) = -1400*a - 9810. What is b(-7)?
-10
Let t(r) = 139*r + 9463. Give t(-68).
11
Let l(d) = 7*d**3 + d**2 + 86*d - 236. Give l(3).
220
Let t(g) = g**3 - 47*g**2 - 204*g + 53. Give t(51).
53
Let w(a) = a**2 - 37*a - 409. Determine w(46).
5
Let p(d) = d**3 - d**2 - 55*d - 3. Calculate p(-7).
-10
Let l(m) = 12*m**2 + 7130*m - 712